ase 7) in base 12?
-3b0b6
Convert 2001021110 (base 3) to base 6.
510320
What is 284501 (base 9) in base 4?
222131110
What is -655472 (base 8) in base 2?
-110101101100111010
-1414122 (base 6) to base 7
-452102
-1467797 (base 10) to base 11
-912861
Convert 4320042 (base 5) to base 16.
11dbb
Convert -2da772 (base 16) to base 15.
-3e17ab
477cc (base 13) to base 8
377636
Convert 676122 (base 9) to base 14.
a76ac
Convert 20104403 (base 5) to base 8.
470352
-13132553 (base 8) to base 7
-33622232
What is -1c0eb (base 15) in base 5?
-10410341
What is -34041203 (base 5) in base 6?
-10230453
What is -52927 (base 11) in base 15?
-17c25
-2603452 (base 7) to base 4
-1102113322
What is 1b5690 (base 16) in base 15?
255cc2
Convert -102021002012 (base 3) to base 8.
-660753
Convert 2517c (base 13) to base 11.
47413
Convert -2023265 (base 9) to base 11.
-677255
Convert 158a97 (base 16) to base 12.
580b87
-1b5038 (base 15) to base 4
-11011132322
Convert 422013312 (base 6) to base 3.
111212121211022
-123612660 (base 7) to base 5
-4003302344
What is 1297af8 (base 16) in base 11?
10006429
6403 (base 9) to base 10
4701
What is 2a0d7 (base 14) in base 3?
12022021221
Convert 20231210 (base 6) to base 8.
2154026
What is -2747722 (base 8) in base 4?
-2330333102
-148b14 (base 14) to base 7
-6040224
Convert -1177452 (base 8) to base 5.
-40434331
What is -431022 (base 9) in base 2?
-111110101001110100
What is 24197 (base 10) in base 14?
8b65
545440 (base 12) to base 11
833040
Convert -4441231 (base 5) to base 9.
-127513
What is -133432 (base 6) in base 14?
-4792
-61534264 (base 7) to base 2
-10011101001101110101101
What is -654875 (base 9) in base 6?
-12212535
-96947c (base 14) to base 12
-1859446
What is 2a033 (base 11) in base 10?
42628
Convert -2360504 (base 8) to base 11.
-40251a
Convert 209628 (base 10) to base 14.
56576
What is -1b9a84 (base 13) in base 15?
-de75a
-101000000110110010001000 (base 2) to base 11
-5a30a88
176c4c (base 14) to base 3
1112221112112
What is 1000010001110000010 (base 2) in base 4?
1002032002
-213008 (base 9) to base 10
-126854
102723 (base 11) to base 13
59bb5
Convert -101011211 (base 3) to base 10.
-7420
Convert -293836 (base 12) to base 10.
-690666
-1c3a5 (base 14) to base 10
-72077
What is -51962 (base 10) in base 11?
-36049
-1342233314 (base 5) to base 15
-48a4c4
Convert 115a70 (base 12) to base 16.
444b4
130201 (base 7) to base 2
101111000101101
What is 8b073 (base 12) in base 3?
100101202020
-b81cb (base 14) to base 6
-13311423
What is 130130223 (base 4) in base 7?
663501
Convert -32222144 (base 5) to base 9.
-456054
Convert 562a6 (base 11) to base 5.
10102144
What is 279b18 (base 12) in base 10?
659972
Convert a1a43 (base 11) to base 9.
246343
What is -2c353 (base 15) in base 7?
-1132314
3000016 (base 7) to base 16
562c0
What is 3580625 (base 9) in base 16?
1da425
-4025505 (base 6) to base 4
-232200101
Convert 2070a (base 15) to base 13.
37a65
What is 7167 (base 15) in base 13?
ab91
Convert -93c665 (base 14) to base 15.
-688722
Convert -5892776 (base 12) to base 16.
-1051aca
Convert 173422 (base 8) to base 15.
13b1a
335728 (base 9) to base 5
22413233
Convert -320444413 (base 5) to base 15.
-1b8223
What is 1111011100001110001 (base 2) in base 10?
505969
Convert 2a0d97 (base 14) to base 13.
3c28a2
What is -1000111101101101101001 (base 2) in base 15?
-31641e
-11130000211 (base 4) to base 15
-1d254a
What is -a2b3b (base 12) in base 7?
-1543244
What is 41138 (base 14) in base 3?
21221220000
301130023 (base 4) to base 14
53b2b
-12210101021 (base 3) to base 9
-183337
2545aa (base 12) to base 14
11bd98
What is -4442134144 (base 5) in base 13?
-2026230
Convert -1c5a1 (base 15) to base 7.
-533251
-513033 (base 13) to base 8
-7156513
-799b2 (base 14) to base 8
-1101150
Convert -2691c4 (base 13) to base 15.
-136b54
-97137 (base 11) to base 5
-14004442
20411061 (base 7) to base 5
414421401
5330226 (base 7) to base 15
cb60c
What is -3471472 (base 8) in base 11?
-597551
Convert -17c31 (base 13) to base 12.
-22760
3692f (base 16) to base 2
110110100100101111
Convert -1110110110111101001010 (base 2) to base 3.
-21022220002111
-48322 (base 12) to base 4
-113233022
-133000100 (base 4) to base 14
-343cc
What is 2040212 (base 6) in base 8?
300420
122321130 (base 5) to base 3
1002220211200
Convert 431423320 (base 6) to base 12.
2684b40
Convert 2345806 (base 11) to base 12.
14543b0
Convert -12244034444 (base 5) to base 7.
-240025654
Convert -3838884 (base 10) to base 12.
-13516b0
Convert 12766561 (base 9) to base 8.
30027242
What is -7551152 (base 8) in base 3?
-10210121211211
215005 (base 8) to base 9
120028
Convert -27a198 (base 12) to base 4.
-2201032010
-431746 (base 10) to base 2
-1101001011010000010
1010100000212 (base 3) to base 8
2216122
-6903124 (base 11) to base 5
-11043123330
What is 111002022 (base 4) in base 13?
302a3
Convert 102102200112122 (base 3) to base 4.
113023113221
Convert -79de9 (base 16) to base 7.
-4146220
Convert 206706 (base 8) to base 5.
4202222
What is -202200011202 (base 3) in base 10?
-406910
What is -187604 (base 13) in base 12?
-258702
Convert 4255850 (base 10) to base 4.
100033001222
What is -40242314 (base 5) in base 8?
-1164060
Convert -124244233 (base 5) to base 14.
-121685
Convert -667285 (base 9) to base 3.
-202021022212
What is 2534513 (base 7) in base 12?
139aab
Convert -362644 (base 8) to base 12.
-5bb44
What is -130310 (base 9) in base 12?
-39860
What is -3603616 (base 7) in base 16?
-6f1d5
Convert -3201103011 (base 4) to base 13.
-264063
What is 436763 (base 10) in base 5?
102434023
What is 1020001202 (base 3) in base 4?
11320220
-4550221 (base 9) to base 4
-21113013223
-40486 (base 9) to base 10
-26646
Convert -10565610 (base 7) to base 2.
-11100001100101100000
33912 (base 10) to base 6
421000
-10060299 (base 10) to base 9
-20833120
What is 109d7b (base 15) in base 2?
11000001100011010111
1022131010 (base 5) to base 10
2145755
-222240 (base 7) to base 8
-114474
Convert 604a427 (base 11) to base 13.
22a90ca
947867 (base 13) to base 7
41342324
Convert -6bc0c (base 14) to base 15.
-52e14
-314111334 (base 5) to base 12
-535a19
Convert 3460405 (base 9) to base 13.
506348
506297 (base 11) to base 12
3329b1
186903 (base 14) to base 16
d2c97
16356405 (base 7) to base 13
43a78a
What is 44679d (base 15) in base 9?
6121524
What is -438810 (base 9) in base 12?
-107a00
Convert -d943a (base 16) to base 7.
-10364334
What is 7064810 (base 9) in base 8?
16265522
-1023213443 (base 5) to base 8
-10201647
3936348 (base 10) to base 11
2249489
Convert -3a5538 (base 14) to base 10.
-2012382
-88c33b (base 13) to base 6
-153050013
185602 (base 10) to base 3
100102121011
1331b0b (base 13) to base 4
113000101212
464355 (base 8) to base 12
77491
What is -3055476 (base 10) in base 15?
-4054d6
What is 33213333 (base 4) in base 16?
f9ff
What is -606256 (base 7) in base 10?
-103039
23533540 (base 6) to base 14
154d24
331bb90 (base 12) to base 15
cc7a09
Convert -4611325 (base 11) to base 12.
-2851614
What is 3113320303 (base 5) in base 10?
6385703
Convert -643274 (base 12) to base 2.
-110000010000110111000
Convert 562334a (base 11) to base 13.
2071c27
101011202100 (base 3) to base 14
52dcb
-3120163 (base 8) to base 12
-33aa6b
What is 200222310 (base 4) in base 5?
13240222
Convert 40b839a (base 12) to base 11.
6973911
1299800 (base 10) to base 5
313043200
-15babb4 (base 12) to base 2
-10001000101000100111000
Convert 128613 (base 10) to base 3.
20112102110
2005550 (base 6) to base 12
468b6
-1775765 (base 9) to base 15
-149c22
What is -54533246 (base 7) in base 3?
-22210210201122
Convert 4140a03 (base 11) to base 6.
420341012
Convert -22228326 (base 9) to base 3.
-202020222100220
Convert b056a (base 14) to base 9.
715122
What is 109183 (base 11) in base 4?
222102322
-1717485 (base 9) to base 16
-e99b1
-86f9d7 (base 16) to base 15
-b9ae8d
Convert -3415554 (base 6) to base 11.
-109525
Convert 1001111101111101011 (base 2) to base 15.
66baa
Convert 1800064 (base 10) to base 11.
101a462
1dd56 (base 15) to base 2
10111110011100010
8d497 (base 14) to base 13
c0702
What is 10211113 (base 5) in base 8?
246246
Convert 839aed (base 15) to base 5.
3100302343
1111110000001010111 (base 2) to base 7
4246623
3d027a (base 14) to base 10
2113380
Convert 3262023 (b